
Let w be 306*((-8)/40 + 17/10). Let a = 688 - w. What are the prime factors of a?
229
Suppose 0 = -11*b + 29270 + 9560. List the prime factors of b.
2, 5, 353
Let w = -10 + 12. Let n be 22/5 - w/5. Suppose 2*z = n, m - 126 = -3*m - z. List the prime factors of m.
31
What are the prime factors of (-123800)/(-49 + 39) + (10 - 1)?
13, 953
Let p be -4 - (-4)/8*22. Let h(u) = 6 + p*u + 5*u**2 - 9*u - 3*u - u**3. What are the prime factors of h(3)?
3
Let v(k) = -63*k - 29 + 17 + 17. Let f be v(-5). Let x = f - 223. What are the prime factors of x?
97
Suppose 0 = -14*g + 42*g - 26756 - 112432. What are the prime factors of g?
3, 1657
Let q(k) = -2155*k - 1691. List the prime factors of q(-6).
11239
Let v = 64466 + -5951. List the prime factors of v.
3, 5, 47, 83
Let s(l) = -l**3 - 7*l**2 - 7*l + 10. Let n be s(-3). List the prime factors of (n/(45/11436))/((-12)/18).
2, 953
Suppose 0 = -3*g + 20 - 8. Suppose 0 = j - 3*y + 157, -g*y - 644 = 2*j + 2*j. Let u = -52 - j. What are the prime factors of u?
2, 3
Suppose -19*h - 108128 = 16*h - 43*h. List the prime factors of h.
2, 31, 109
Suppose -15043 = -5*d + 426*j - 427*j, 2*d + 5*j = 5985. List the prime factors of d.
2, 5, 7, 43
Suppose 2*v - v = 0. Suppose 4*a - 5*o = -v*a + 59, -40 = -5*a - 5*o. Suppose -x = -a - 88. What are the prime factors of x?
3, 11
Suppose -2*w + w - 2*p - 8 = 0, -w = 5*p + 5. List the prime factors of (-865)/w + 1/(-2).
2, 43
Suppose 10*d = -22*d - 62*d + 1285450. List the prime factors of d.
5, 547
Suppose 6*p = -19*h + 23*h + 64468, -5*h + 40 = 0. List the prime factors of p.
2, 5, 43
Let r be 33*1304*(-4)/(-24). List the prime factors of r/26 + -7*4/(-182).
2, 3, 23
Let o = 674 + -623. Let u = 362 - o. List the prime factors of u.
311
Let i(b) = b**2 - 2*b - 5. Let r be i(4). Let o(x) = -x**3 + 10*x**2 - 13*x - 30. Let q be o(8). What are the prime factors of -283*r/((-1)/(-2)*q)?
283
Suppose -10 = 5*x, 3*x - 216 = -3*s + 42. Let v = 459 - s. List the prime factors of v.
7, 53
Suppose 6*q = 2*q. Suppose q*m = -5*m + 4*d + 383, 3*d + 231 = 3*m. Suppose -6*r + 7*r - m = 0. List the prime factors of r.
3, 5
Suppose 2*y = -y + 3*m - 774, -20 = 5*m. Let c = y - -580. List the prime factors of c.
2, 3, 53
Let c(p) = 13*p - 11. Let m be c(5). Let a = 62 - m. Let r(l) = 18*l - 9. What are the prime factors of r(a)?
3, 5
Let b(l) = -7*l**2 + 2*l - 1. Let h be b(-5). Let c = -80 + 111. List the prime factors of (254/(-12))/(c/h).
127
Let t(x) = 63*x**2 - 77*x - 10. What are the prime factors of t(-5)?
2, 3, 5, 13
Suppose 0*d = 4*d - 172. Suppose -d - 137 = -3*r. What are the prime factors of 2270/4*24/r?
227
Let j = 165 + -162. Suppose 0 = j*z - 162 - 0. What are the prime factors of z?
2, 3
Let x(t) be the second derivative of t**4/4 + t**3/6 - 23*t**2/2 + 172*t. What are the prime factors of x(9)?
229
Let m = 15990 - 8764. What are the prime factors of m?
2, 3613
Let y(n) be the first derivative of n**4/4 + 2*n**3 - 7*n**2/2 - 15*n - 219. Suppose -5*u - 7 = -i - u, 2*i + 13 = -u. What are the prime factors of y(i)?
3, 5
Let i = 408 + -333. What are the prime factors of (-4)/(-30) + (-1)/(i/(-50465))?
673
Let a = -106 - -227. Let h = 723 + a. Suppose 5*v - u - 1055 = -2*u, -4*v + h = -2*u. What are the prime factors of v?
211
Suppose 3*t = 2*t + 7. Let j = t - -28. Suppose -8 = 2*i, 0 = -3*y - 5*i + 168 - j. What are the prime factors of y?
3, 17
Let f(k) = k**2 - 6*k + 5. Let u be f(5). Suppose -2*x + 4*s + 44 = -u*x, 2*s - 2 = -x. List the prime factors of (-1610)/(-13) + x/78.
2, 31
Let z(u) be the first derivative of -2*u**3/3 - 19*u**2/2 + 14*u + 21. Let s be z(-10). List the prime factors of (-61)/(((-6)/18)/(s/6)).
2, 61
Let q = 9547 + 1170. List the prime factors of q.
7, 1531
Suppose 4*x + 3119 = 5*x - 435. List the prime factors of x.
2, 1777
Suppose 2 = 3*f - 1, -2*f - 9 = -s. Let r = 15 - s. Suppose 0*j + 99 = r*y - j, 2*j = -3*y + 88. What are the prime factors of y?
2, 13
What are the prime factors of -1 + 1 + 5818 + (91 - 89)?
2, 3, 5, 97
Let s(n) = 4285*n**2 - 869*n + 13. What are the prime factors of s(4)?
3, 2411
Suppose 3*b + 28 - 68 = -d, -b = 3*d - 104. Suppose -5*h + 703 = 2*m, -m - 2*h = d - 387. What are the prime factors of m?
359
Suppose 0 = -3*c - 14*c + 10*c + 159838. List the prime factors of c.
2, 7, 233
Let c(w) be the third derivative of 0 - 5*w**2 - 25/6*w**3 + 13/24*w**4 + 0*w. List the prime factors of c(10).
3, 5, 7
List the prime factors of (3 + -1 - 4)/(194/(-1811378)).
2, 9337
Let q(u) = u**2 + 37*u + 139. Let t be q(-33). Suppose -3*s + 1138 = -4*v, v = -6*s + t*s - 380. What are the prime factors of s?
2, 191
Let t = -148 - -1137. Suppose -4*m = -t + 265. What are the prime factors of m?
181
Let p be (104/6 - (-2)/3)/2. Let z be (-9)/6*(-642)/p. Suppose k - z = 18. What are the prime factors of k?
5
Let l(i) = i**3 - 44*i**2 - 113*i - 75. What are the prime factors of l(49)?
3, 2131
Let v = 23 + -13. Suppose 2*n = 3*g + g - v, 4*g + n - 7 = 0. What are the prime factors of (0 + 8)/(4 - g)?
2
Let x be 0 + 1 + 0 - (-5 - 598). Suppose 0 = -9*k + 152 + x. What are the prime factors of k + 6/2*4/6?
2, 43
What are the prime factors of (-5 - 22)/9 + 174610/(35/7)?
34919
Let s be ((-3)/2)/(28/(-56)). Suppose 4*n = 2*b - b + 9, 0 = s*n - b - 6. Suppose -n*x + 394 = i - 277, -4*i = -3*x + 676. What are the prime factors of x?
2, 7
Suppose -985 - 1079 = -6*f. Suppose 4*m + 3*u = -u + f, 0 = m + 4*u - 89. What are the prime factors of m?
5, 17
Let h(u) = -5*u + 32. Let c be h(5). Let t be 1 - 2 - c/7*-3. List the prime factors of (22 + -21)/(t/334 + 0).
167
Suppose 5*g + 7 = 32. Suppose -245 = -5*v + g*p, -3*p + 210 = 4*v - 0*p. What are the prime factors of v?
3, 17
Let h(i) = 4*i**2 - 36*i - 987. List the prime factors of h(-43).
73, 109
Let m be (1 - 18)*(-1474)/22. Let k = -559 + m. List the prime factors of k.
2, 5, 29
Suppose -152 = -8*v + 72. What are the prime factors of (264/(-7))/((-8)/v)?
2, 3, 11
Let s(p) = 156 + 2*p - 2*p - 155 + 114*p**2. Let d be s(-1). Suppose 67 = -3*b + d. List the prime factors of b.
2
Suppose -3*w + 25 = -y + 4, 12 = 4*w. Let p = y + 12. Suppose 4*b + 8 - 44 = p. What are the prime factors of b?
3
Let d(a) be the second derivative of -97*a**3/2 - 9*a**2 + a + 14. List the prime factors of d(-1).
3, 7, 13
Suppose -314735 + 19510 = -35*z. What are the prime factors of z?
5, 7, 241
Suppose 27*l - 1280888 = -21*l + 1352728. What are the prime factors of l?
3, 18289
Let w(d) be the first derivative of d**4/4 - 2*d**3 + 53*d**2/2 - 7*d + 33. What are the prime factors of w(6)?
311
Let u = -2905 - -5056. Suppose -6*y + u = -2481. What are the prime factors of y?
2, 193
Suppose -36*a + 480255 = -315309. What are the prime factors of a?
7, 11, 41
Let l = 826 - 298. Let k be l/64 + (-1)/4. What are the prime factors of ((k/(-10))/2)/(23/(-3910))?
2, 17
Let t = 66 + -64. Suppose 4*n = t - 18. What are the prime factors of (1 - n/(8/(-4)))*-20?
2, 5
Suppose -22 = -4*z + 18. Suppose -z*i + 1876 = -3*i. Suppose -3*g - 3*j = g - 288, 0 = 4*g - 2*j - i. List the prime factors of g.
3, 23
Suppose -292*m + 302*m = -60. What are the prime factors of m + (-10)/(-5) - -1*872?
2, 7, 31
List the prime factors of (-173)/((33 - 32)*(-2)/62).
31, 173
Let t = -655 - -1177. What are the prime factors of t?
2, 3, 29
Let h(a) = -180*a + 17. Let r be h(-7). Let p = r - 813. Suppose -8*j + p = -152. What are the prime factors of j?
7, 11
Let s(r) = 17*r**2 - 131*r - 1316. What are the prime factors of s(-54)?
2, 5, 11, 503
Suppose -2*u - 2167 = -29235. What are the prime factors of u?
2, 67, 101
Suppose 0 = -21*v + 9*v - 2064. Suppose -y + 266 = -25. Let a = y + v. What are the prime factors of a?
7, 17
Suppose 9*b + 5*y = 4*b + 390, -b + 90 = 4*y. Suppose -s = -4*d + 1020, -d + 3*s = b - 340. What are the prime factors of d?
2, 127
Suppose 0 = 2*b + 5*s - 5904, 3*b - 4*s - 4666 = 4144. Suppose -4*d - 4*n = -3*n - 5857, 0 = -2*d + 4*n + b. What are the prime factors of d?
5, 293
Suppose 0 = 5*f + 2*s + 440, -3*s - 80 - 8 = f. Let c = f + 188. Suppose -2*w = n - 96, 4*w = 3*n - 4*n + c. What are the prime factors of n?
2, 23
Let v(h) = -h - 29. Let y be v(-11). Let m be (-1)/(1/6)*6/y. Suppose j + p - 342 = -m*j, -5*p - 590 = -5*j. What are th